{"id":7,"date":"2025-01-13T14:15:13","date_gmt":"2025-01-13T14:15:13","guid":{"rendered":"https:\/\/scolar.cl\/?page_id=7"},"modified":"2025-01-16T16:00:08","modified_gmt":"2025-01-16T16:00:08","slug":"7-2","status":"publish","type":"page","link":"https:\/\/scolar.cl\/","title":{"rendered":"Home"},"content":{"rendered":"\n\n\n\n<h1>Optimiza la inscripci\u00f3n y gesti\u00f3n de las <span style=\"color:#ff6600;\">actividades escolares<\/span><\/h1>\n\n<p><strong>Scolar<\/strong> facilita la organizaci\u00f3n, mejora la toma de decisiones y maximiza la rentabilidad, aumentando la participaci\u00f3n y satisfacci\u00f3n de la comunidad escolar.<\/p>\n\n\n<p>Lorem Ipsum has been the industry&#8217;s standard dummy text ever since the 1500s.<\/p>\n\n\n\n\n<h2>\u00bfQu\u00e9 es <span style=\"color: #ff6600\">Scolar?<\/span><\/h2>\n\n<p><strong>Scolar<\/strong> es una plataforma dise\u00f1ada para optimizar el proceso de postulaci\u00f3n a actividades extraprogram\u00e1ticas, ofreciendo una experiencia m\u00e1s \u00e1gil y eficiente para alumnos, padres y colegios.<\/p><p><strong><br><\/strong><\/p><p><strong>Permite a las instituciones educativas gestionar actividades con facilidad, reducir el estr\u00e9s del proceso y fomentar una mayor participaci\u00f3n estudiantil mediante procesos de postulaci\u00f3n.<\/strong><\/p>\n\n\n\n<p>Lorem Ipsum has been the industry&#8217;s standard dummy text ever since the 1500s.<\/p>\n\n\n\n\n<h2 [object NamedNodeMap]>\u00bfDificultades en la <span style=\"color: #ff6600\">gesti\u00f3n e inscripci\u00f3n de actividades?<\/span><\/h2>\n\n<p [object NamedNodeMap]>\u00bfMala percepci\u00f3n de los usuarios, frustraci\u00f3n en las postulaciones, perdida de tiempo en la gesti\u00f3n? <br><\/p>\n\n\n\n<p>Lorem Ipsum has been the industry&#8217;s standard dummy text ever since the 1500s.<\/p>\n\n\n<h3><strong>Los problemas que resolvemos:<\/strong><\/h3><h3><strong><br><\/strong><\/h3><p><strong>Falta de oportunidades y mala percepci\u00f3n: <\/strong>Solo unos pocos logran obtener cupos en las actividades escolares, lo que lleva a muchos padres a optar por actividades fuera del colegio.<\/p><p><br><\/p><p><strong>Falta de flexibilidad en la inscripci\u00f3n:<\/strong> Los horarios definidos de inscripci\u00f3n suelen coincidir con los horarios laborales de los padres, dificultando el proceso.<\/p><p><br><\/p><p><strong>Inestabilidad tecnol\u00f3gica:<\/strong> Las plataformas actuales presentan problemas de estabilidad, especialmente durante periodos de inscripci\u00f3n masiva.<\/p><p><br><\/p><p><strong>Dificultad de uso:<\/strong> Navegar por las plataformas de postulaci\u00f3n es complicado y frustrante, generando una experiencia negativa para los usuarios.<\/p><p><br><\/p><p><strong>Gesti\u00f3n ineficiente:<\/strong> Los colegios pierden tiempo valioso coordinando cupos, postulantes e inscritos mediante hojas de c\u00e1lculo y procesos manuales.<\/p><p><br><\/p><p><strong>P\u00e9rdida de rentabilidad: <\/strong>La falta de datos y herramientas dificulta tomar decisiones informadas sobre la gesti\u00f3n de cupos, infraestructura y demanda.<\/p>\n\n\n\n\n\n<h2 [object NamedNodeMap]>Caracter\u00edsticas\u00a0<span style=\"color: #ff6600\">clave<\/span><\/h2>\n\n\n\n\n<p><b>Gesti\u00f3n de actividades:&nbsp;<\/b><\/p><p>Organiza y gestiona actividades con facilidad, ajustando horarios, informaci\u00f3n, tipo de adquisici\u00f3n,&nbsp; profesores, valores, abonos, etc.<\/p>\n\n\n<p><b>Categor\u00edas: <\/b>Organiza las actividades seg\u00fan categor\u00edas para facilitar la b\u00fasqueda e inscripci\u00f3n (ej: deportivas, culturales, acad\u00e9micas, selecciones, etc.).<\/p>\n\n\n<p><b>Opciones de inscripci\u00f3n: <\/b>Elige entre diversas formas de adquisici\u00f3n: compra inmediata, postulaci\u00f3n a cupos, solo invitaci\u00f3n e inscrito por el colegio.<\/p>\n\n\n<p><b>Selecci\u00f3n de postulantes seg\u00fan reglas:\u00a0 <\/b>Configura reglas de priorizaci\u00f3n para seleccionar a los postulantes seg\u00fan: calificaciones, participaci\u00f3n en la selecci\u00f3n, preferencia de los usuarios, actividades consecutivas (curso 1 y 2), etc.<\/p>\n\n\n<p><b>Accesibilidad desde cualquier dispositivo:<\/b> La plataforma es completamente accesible desde cualquier dispositivo, ofreciendo una experiencia fluida.<\/p>\n\n\n\n<p>Lorem Ipsum has been the industry&#8217;s standard dummy text ever since the 1500s.<\/p>\n\n\n\n\n\n<h2 [object NamedNodeMap]>Proceso transparente y\u00a0<span style=\"color: #ff6600\">mejores decisiones en la gesti\u00f3n<\/span><\/h2>\n\n\n\n<p>Lorem Ipsum has been the industry&#8217;s standard dummy text ever since the 1500s.<\/p>\n\n\n\n<p><b>Transparencia del proceso: <\/b>Registro de todo el proceso en un sistema auditable y transparente: postulantes, alumnos seleccionados y decisiones de los apoderados.<\/p>\n\n\n<p><b>Aumento de rentabilidad. <\/b>Informaci\u00f3n de qu\u00e9 horarios no se est\u00e1 usando la infraestrcutra por actividades, informaci\u00f3n sobre ingresos y p\u00e9rdidas basadas en los cupos y demanda.\u00a0<\/p>\n\n\n<p><b>Estad\u00edsticas:\u00a0<\/b>Toma de decisiones basada en datos seg\u00fan periodos, tipos actividad, cantidad de postulantes, cupos, etc.<\/p>\n\n<p><strong>Informaci\u00f3n en 1 lugar: <\/strong>La informaci\u00f3n de las distintas actividades queda unificada y organizada en un lugar, ahorrando tiempo al dejar de lado la verificaci\u00f3n via excel o varias plataformas.<\/p>\n\n\n\n\n\n<h2>Beneficios para los usuarios<\/h2>\n\n\n\n\nFacilita la inscripci\u00f3n de m\u00e1s alumnos en las actividades, asegurando una participaci\u00f3n m\u00e1s amplia\n\n\n\n\nTodos los alumnos tienen las mismas oportunidades para postularse y participar en las actividades ofrecidas\n\n\n\nMejora la experiencia de quienes realizan la toma de actividades al hacer m\u00e1s f\u00e1cil el acceso y seguimiento de \u00e9stas.\n\n\nGarantiza un proceso transparente y democr\u00e1tico en la postulaci\u00f3n, con el registro de las acciones realizadas.\n\n\n\n\n\n<h2>Beneficios para el colegio<\/h2>\n\n\n\n\nOptimiza la administraci\u00f3n interna de las actividades, eliminando la dependencia de hojas de c\u00e1lculo y plataformas dispersas.\n\n\n\n\nCentraliza toda la informaci\u00f3n en un solo sistema, facilitando su gesti\u00f3n y evitando duplicidad.\n\n\n\n\nProporciona datos precisos sobre la demanda de actividades, profesores y cupos disponibles, ayudando al colegio a tomar decisiones m\u00e1s informadas.\n\n\n\n\nStatus del avance de los profesores en cada proceso para cuantificar lo faltante.\n\n\n\n\n\n","protected":false},"excerpt":{"rendered":"","protected":false},"author":1,"featured_media":0,"parent":0,"menu_order":0,"comment_status":"closed","ping_status":"closed","template":"","meta":{"pagelayer_contact_templates":[],"_pagelayer_content":"","footnotes":""},"class_list":["post-7","page","type-page","status-publish","hentry"],"_links":{"self":[{"href":"https:\/\/scolar.cl\/index.php?rest_route=\/wp\/v2\/pages\/7","targetHints":{"allow":["GET"]}}],"collection":[{"href":"https:\/\/scolar.cl\/index.php?rest_route=\/wp\/v2\/pages"}],"about":[{"href":"https:\/\/scolar.cl\/index.php?rest_route=\/wp\/v2\/types\/page"}],"author":[{"embeddable":true,"href":"https:\/\/scolar.cl\/index.php?rest_route=\/wp\/v2\/users\/1"}],"replies":[{"embeddable":true,"href":"https:\/\/scolar.cl\/index.php?rest_route=%2Fwp%2Fv2%2Fcomments&post=7"}],"version-history":[{"count":62,"href":"https:\/\/scolar.cl\/index.php?rest_route=\/wp\/v2\/pages\/7\/revisions"}],"predecessor-version":[{"id":150,"href":"https:\/\/scolar.cl\/index.php?rest_route=\/wp\/v2\/pages\/7\/revisions\/150"}],"wp:attachment":[{"href":"https:\/\/scolar.cl\/index.php?rest_route=%2Fwp%2Fv2%2Fmedia&parent=7"}],"curies":[{"name":"wp","href":"https:\/\/api.w.org\/{rel}","templated":true}]}}